{"id":849,"date":"2021-09-28T11:44:34","date_gmt":"2021-09-28T11:44:34","guid":{"rendered":"https:\/\/sani-world.com\/?post_type=product&#038;p=849"},"modified":"2021-09-28T11:45:52","modified_gmt":"2021-09-28T11:45:52","slug":"amedeo","status":"publish","type":"product","link":"https:\/\/sani-world.com\/index.php\/termek\/amedeo\/","title":{"rendered":"Amedeo"},"content":{"rendered":"","protected":false},"excerpt":{"rendered":"<p>K\u00f6nnyed \u00e9s sz\u00f3rakoztat\u00f3 f\u00e9m felf\u00fcggeszt\u00e9s, k\u00fcl\u00f6nb\u00f6z\u0151 sz\u00ednekben kaphat\u00f3, \u00e9s b\u00e1rmilyen kort\u00e1rs k\u00f6rnyezetbe beilleszthet\u0151.<\/p>\n<ul>\n<li><strong>Kateg\u00f3ria:<\/strong> F\u00fcggesztett l\u00e1mpa<\/li>\n<li><strong>M\u00e9retek:<\/strong> \u00d8 80 cm x h. 40 cm \/ \u00d8 50 cm x h. 26 cm \/ \u00d8 40 cm x h. 20 cm<\/li>\n<li><strong>F\u00e9nyforr\u00e1s:<\/strong>\n<ul>\n<li style=\"list-style-type: none;\">\n<ul>\n<li>\u00d8 40\/50\/80 cm:\n<ul>\n<li>E27 foglalat (izz\u00f3 n\u00e9lk\u00fcl) {A ++ &#8211; \u203aE} Max. 105W<\/li>\n<\/ul>\n<\/li>\n<li>\u00d8 40\/50 cm:\n<ul>\n<li>LED 1 x 17W 230V 3000K \/ 4000K 1950Lm A energiaoszt\u00e1ly<\/li>\n<li>BE \/ KI meghajt\u00f3 mell\u00e9kelve \/ DALI \/ PUSH szab\u00e1lyozhat\u00f3 meghajt\u00f3 k\u00e9r\u00e9sre<\/li>\n<\/ul>\n<\/li>\n<li>\u00d8 80 cm:\n<ul>\n<li>LED 1 x 25W 230V 3000 \/ 4000K 3060Lm A energiaoszt\u00e1ly<\/li>\n<li>ON\/OFF t\u00e1pegys\u00e9g az alapfelszerelts\u00e9g r\u00e9sze \/ DALI \/ PUSH szab\u00e1lyz\u00e1s k\u00e9r\u00e9sre<\/li>\n<\/ul>\n<\/li>\n<li>\u00d8 80 cm:\n<ul>\n<li>3 x E27 foglalat (izz\u00f3k kiv\u00e9tel\u00e9vel) {A ++ &#8211; \u203aE} Max. 105W<\/li>\n<li>Kivitel op\u00e1l diff\u00fazorral a kupola als\u00f3 r\u00e9sz\u00e9n<\/li>\n<\/ul>\n<\/li>\n<li>\u00d8 80 cm:\n<ul>\n<li>F\u00e9nyvezet\u0151 LED technol\u00f3gia 2 teljes\u00edtm\u00e9nyben kaphat\u00f3 \/ DALI \/ PUSH szab\u00e1lyozhat\u00f3 driver<\/li>\n<li>LED 1 x 32W 3000K 3600Lm CRI&gt; 90<\/li>\n<li>LED 1 x 45W 3000K 4500Lm CRI&gt; 90<\/li>\n<\/ul>\n<\/li>\n<\/ul>\n<\/li>\n<\/ul>\n<\/li>\n<li><strong>Anyaga:<\/strong> Vas<\/li>\n<li><strong>Sz\u00edn:<\/strong>\n<ul>\n<li style=\"list-style-type: none;\">\n<ul>\n<li>RAL 9010 Tiszta feh\u00e9r &#8211; \u00e1tl\u00e1tszatlan &#8211;<\/li>\n<li>RAL 9005 intenz\u00edv fekete &#8211; matt &#8211;<\/li>\n<li>Szahara<\/li>\n<li>R\u00f3zsakvarc<\/li>\n<li>\u00d3ce\u00e1nk\u00e9k<\/li>\n<\/ul>\n<\/li>\n<\/ul>\n<\/li>\n<li><strong>Adatlap:<\/strong><\/li>\n<li>A r\u00f3zsa m\u00e9retei: \u00d810 cm, magass\u00e1g 6 cm<\/li>\n<li>A DALI \/ PUSH v\u00e1ltozatban a mennyezeti r\u00f3zsa m\u00e9retei elt\u00e9r\u0151ek lehetnek.<\/li>\n<li>K\u00fclt\u00e9ri verzi\u00f3ban is kaphat\u00f3.<\/li>\n<\/ul>\n","protected":false},"featured_media":853,"template":"","meta":[],"product_brand":[],"product_cat":[32,26,31],"product_tag":[],"class_list":{"0":"post-849","1":"product","2":"type-product","3":"status-publish","4":"has-post-thumbnail","6":"product_cat-fuggesztett-lampa","7":"product_cat-lampa","8":"product_cat-zava","10":"first","11":"instock","12":"shipping-taxable","13":"product-type-simple"},"yoast_head":"<!-- This site is optimized with the Yoast SEO plugin v27.5 - https:\/\/yoast.com\/product\/yoast-seo-wordpress\/ -->\n<title>Amedeo -<\/title>\n<meta name=\"robots\" content=\"index, follow, max-snippet:-1, max-image-preview:large, max-video-preview:-1\" \/>\n<link rel=\"canonical\" href=\"https:\/\/sani-world.com\/index.php\/termek\/amedeo\/\" \/>\n<meta property=\"og:locale\" content=\"hu_HU\" \/>\n<meta property=\"og:type\" content=\"article\" \/>\n<meta property=\"og:title\" content=\"Amedeo -\" \/>\n<meta property=\"og:description\" content=\"K\u00f6nnyed \u00e9s sz\u00f3rakoztat\u00f3 f\u00e9m felf\u00fcggeszt\u00e9s, k\u00fcl\u00f6nb\u00f6z\u0151 sz\u00ednekben kaphat\u00f3, \u00e9s b\u00e1rmilyen kort\u00e1rs k\u00f6rnyezetbe beilleszthet\u0151.   Kateg\u00f3ria: F\u00fcggesztett l\u00e1mpa  M\u00e9retek: \u00d8 80 cm x h. 40 cm \/ \u00d8 50 cm x h. 26 cm \/ \u00d8 40 cm x h. 20 cm  F\u00e9nyforr\u00e1s:      \u00d8 40\/50\/80 cm:   E27 foglalat (izz\u00f3 n\u00e9lk\u00fcl) {A ++ - \u203aE} Max. 105W    \u00d8 40\/50 cm:   LED 1 x 17W 230V 3000K \/ 4000K 1950Lm A energiaoszt\u00e1ly  BE \/ KI meghajt\u00f3 mell\u00e9kelve \/ DALI \/ PUSH szab\u00e1lyozhat\u00f3 meghajt\u00f3 k\u00e9r\u00e9sre    \u00d8 80 cm:   LED 1 x 25W 230V 3000 \/ 4000K 3060Lm A energiaoszt\u00e1ly  ON\/OFF t\u00e1pegys\u00e9g az alapfelszerelts\u00e9g r\u00e9sze \/ DALI \/ PUSH szab\u00e1lyz\u00e1s k\u00e9r\u00e9sre    \u00d8 80 cm:   3 x E27 foglalat (izz\u00f3k kiv\u00e9tel\u00e9vel) {A ++ - \u203aE} Max. 105W  Kivitel op\u00e1l diff\u00fazorral a kupola als\u00f3 r\u00e9sz\u00e9n    \u00d8 80 cm:   F\u00e9nyvezet\u0151 LED technol\u00f3gia 2 teljes\u00edtm\u00e9nyben kaphat\u00f3 \/ DALI \/ PUSH szab\u00e1lyozhat\u00f3 driver  LED 1 x 32W 3000K 3600Lm CRI&gt; 90  LED 1 x 45W 3000K 4500Lm CRI&gt; 90        Anyaga: Vas  Sz\u00edn:      RAL 9010 Tiszta feh\u00e9r - \u00e1tl\u00e1tszatlan -  RAL 9005 intenz\u00edv fekete - matt -  Szahara  R\u00f3zsakvarc  \u00d3ce\u00e1nk\u00e9k      Adatlap:  A r\u00f3zsa m\u00e9retei: \u00d810 cm, magass\u00e1g 6 cm  A DALI \/ PUSH v\u00e1ltozatban a mennyezeti r\u00f3zsa m\u00e9retei elt\u00e9r\u0151ek lehetnek.  K\u00fclt\u00e9ri verzi\u00f3ban is kaphat\u00f3.\" \/>\n<meta property=\"og:url\" content=\"https:\/\/sani-world.com\/index.php\/termek\/amedeo\/\" \/>\n<meta property=\"article:modified_time\" content=\"2021-09-28T11:45:52+00:00\" \/>\n<meta property=\"og:image\" content=\"https:\/\/sani-world.com\/wp-content\/uploads\/2021\/09\/amedeo4.jpg\" \/>\n\t<meta property=\"og:image:width\" content=\"750\" \/>\n\t<meta property=\"og:image:height\" content=\"800\" \/>\n\t<meta property=\"og:image:type\" content=\"image\/jpeg\" \/>\n<meta name=\"twitter:card\" content=\"summary_large_image\" \/>\n<script type=\"application\/ld+json\" class=\"yoast-schema-graph\">{\"@context\":\"https:\\\/\\\/schema.org\",\"@graph\":[{\"@type\":\"WebPage\",\"@id\":\"https:\\\/\\\/sani-world.com\\\/index.php\\\/termek\\\/amedeo\\\/\",\"url\":\"https:\\\/\\\/sani-world.com\\\/index.php\\\/termek\\\/amedeo\\\/\",\"name\":\"Amedeo -\",\"isPartOf\":{\"@id\":\"https:\\\/\\\/sani-world.com\\\/#website\"},\"primaryImageOfPage\":{\"@id\":\"https:\\\/\\\/sani-world.com\\\/index.php\\\/termek\\\/amedeo\\\/#primaryimage\"},\"image\":{\"@id\":\"https:\\\/\\\/sani-world.com\\\/index.php\\\/termek\\\/amedeo\\\/#primaryimage\"},\"thumbnailUrl\":\"https:\\\/\\\/sani-world.com\\\/wp-content\\\/uploads\\\/2021\\\/09\\\/amedeo4.jpg\",\"datePublished\":\"2021-09-28T11:44:34+00:00\",\"dateModified\":\"2021-09-28T11:45:52+00:00\",\"breadcrumb\":{\"@id\":\"https:\\\/\\\/sani-world.com\\\/index.php\\\/termek\\\/amedeo\\\/#breadcrumb\"},\"inLanguage\":\"hu\",\"potentialAction\":[{\"@type\":\"ReadAction\",\"target\":[\"https:\\\/\\\/sani-world.com\\\/index.php\\\/termek\\\/amedeo\\\/\"]}]},{\"@type\":\"ImageObject\",\"inLanguage\":\"hu\",\"@id\":\"https:\\\/\\\/sani-world.com\\\/index.php\\\/termek\\\/amedeo\\\/#primaryimage\",\"url\":\"https:\\\/\\\/sani-world.com\\\/wp-content\\\/uploads\\\/2021\\\/09\\\/amedeo4.jpg\",\"contentUrl\":\"https:\\\/\\\/sani-world.com\\\/wp-content\\\/uploads\\\/2021\\\/09\\\/amedeo4.jpg\",\"width\":750,\"height\":800},{\"@type\":\"BreadcrumbList\",\"@id\":\"https:\\\/\\\/sani-world.com\\\/index.php\\\/termek\\\/amedeo\\\/#breadcrumb\",\"itemListElement\":[{\"@type\":\"ListItem\",\"position\":1,\"name\":\"Kezd\u0151lap\",\"item\":\"https:\\\/\\\/sani-world.com\\\/\"},{\"@type\":\"ListItem\",\"position\":2,\"name\":\"term\u00e9kek\",\"item\":\"https:\\\/\\\/sani-world.com\\\/index.php\\\/termekek\\\/\"},{\"@type\":\"ListItem\",\"position\":3,\"name\":\"Amedeo\"}]},{\"@type\":\"WebSite\",\"@id\":\"https:\\\/\\\/sani-world.com\\\/#website\",\"url\":\"https:\\\/\\\/sani-world.com\\\/\",\"name\":\"\",\"description\":\"\",\"publisher\":{\"@id\":\"https:\\\/\\\/sani-world.com\\\/#organization\"},\"potentialAction\":[{\"@type\":\"SearchAction\",\"target\":{\"@type\":\"EntryPoint\",\"urlTemplate\":\"https:\\\/\\\/sani-world.com\\\/?s={search_term_string}\"},\"query-input\":{\"@type\":\"PropertyValueSpecification\",\"valueRequired\":true,\"valueName\":\"search_term_string\"}}],\"inLanguage\":\"hu\"},{\"@type\":\"Organization\",\"@id\":\"https:\\\/\\\/sani-world.com\\\/#organization\",\"name\":\"sani-world\",\"url\":\"https:\\\/\\\/sani-world.com\\\/\",\"logo\":{\"@type\":\"ImageObject\",\"inLanguage\":\"hu\",\"@id\":\"https:\\\/\\\/sani-world.com\\\/#\\\/schema\\\/logo\\\/image\\\/\",\"url\":\"https:\\\/\\\/sani-world.com\\\/wp-content\\\/uploads\\\/2021\\\/09\\\/cropped-SANIWORLD_logo_black.png\",\"contentUrl\":\"https:\\\/\\\/sani-world.com\\\/wp-content\\\/uploads\\\/2021\\\/09\\\/cropped-SANIWORLD_logo_black.png\",\"width\":250,\"height\":75,\"caption\":\"sani-world\"},\"image\":{\"@id\":\"https:\\\/\\\/sani-world.com\\\/#\\\/schema\\\/logo\\\/image\\\/\"}}]}<\/script>\n<!-- \/ Yoast SEO plugin. -->","yoast_head_json":{"title":"Amedeo -","robots":{"index":"index","follow":"follow","max-snippet":"max-snippet:-1","max-image-preview":"max-image-preview:large","max-video-preview":"max-video-preview:-1"},"canonical":"https:\/\/sani-world.com\/index.php\/termek\/amedeo\/","og_locale":"hu_HU","og_type":"article","og_title":"Amedeo -","og_description":"K\u00f6nnyed \u00e9s sz\u00f3rakoztat\u00f3 f\u00e9m felf\u00fcggeszt\u00e9s, k\u00fcl\u00f6nb\u00f6z\u0151 sz\u00ednekben kaphat\u00f3, \u00e9s b\u00e1rmilyen kort\u00e1rs k\u00f6rnyezetbe beilleszthet\u0151.   Kateg\u00f3ria: F\u00fcggesztett l\u00e1mpa  M\u00e9retek: \u00d8 80 cm x h. 40 cm \/ \u00d8 50 cm x h. 26 cm \/ \u00d8 40 cm x h. 20 cm  F\u00e9nyforr\u00e1s:      \u00d8 40\/50\/80 cm:   E27 foglalat (izz\u00f3 n\u00e9lk\u00fcl) {A ++ - \u203aE} Max. 105W    \u00d8 40\/50 cm:   LED 1 x 17W 230V 3000K \/ 4000K 1950Lm A energiaoszt\u00e1ly  BE \/ KI meghajt\u00f3 mell\u00e9kelve \/ DALI \/ PUSH szab\u00e1lyozhat\u00f3 meghajt\u00f3 k\u00e9r\u00e9sre    \u00d8 80 cm:   LED 1 x 25W 230V 3000 \/ 4000K 3060Lm A energiaoszt\u00e1ly  ON\/OFF t\u00e1pegys\u00e9g az alapfelszerelts\u00e9g r\u00e9sze \/ DALI \/ PUSH szab\u00e1lyz\u00e1s k\u00e9r\u00e9sre    \u00d8 80 cm:   3 x E27 foglalat (izz\u00f3k kiv\u00e9tel\u00e9vel) {A ++ - \u203aE} Max. 105W  Kivitel op\u00e1l diff\u00fazorral a kupola als\u00f3 r\u00e9sz\u00e9n    \u00d8 80 cm:   F\u00e9nyvezet\u0151 LED technol\u00f3gia 2 teljes\u00edtm\u00e9nyben kaphat\u00f3 \/ DALI \/ PUSH szab\u00e1lyozhat\u00f3 driver  LED 1 x 32W 3000K 3600Lm CRI&gt; 90  LED 1 x 45W 3000K 4500Lm CRI&gt; 90        Anyaga: Vas  Sz\u00edn:      RAL 9010 Tiszta feh\u00e9r - \u00e1tl\u00e1tszatlan -  RAL 9005 intenz\u00edv fekete - matt -  Szahara  R\u00f3zsakvarc  \u00d3ce\u00e1nk\u00e9k      Adatlap:  A r\u00f3zsa m\u00e9retei: \u00d810 cm, magass\u00e1g 6 cm  A DALI \/ PUSH v\u00e1ltozatban a mennyezeti r\u00f3zsa m\u00e9retei elt\u00e9r\u0151ek lehetnek.  K\u00fclt\u00e9ri verzi\u00f3ban is kaphat\u00f3.","og_url":"https:\/\/sani-world.com\/index.php\/termek\/amedeo\/","article_modified_time":"2021-09-28T11:45:52+00:00","og_image":[{"width":750,"height":800,"url":"https:\/\/sani-world.com\/wp-content\/uploads\/2021\/09\/amedeo4.jpg","type":"image\/jpeg"}],"twitter_card":"summary_large_image","schema":{"@context":"https:\/\/schema.org","@graph":[{"@type":"WebPage","@id":"https:\/\/sani-world.com\/index.php\/termek\/amedeo\/","url":"https:\/\/sani-world.com\/index.php\/termek\/amedeo\/","name":"Amedeo -","isPartOf":{"@id":"https:\/\/sani-world.com\/#website"},"primaryImageOfPage":{"@id":"https:\/\/sani-world.com\/index.php\/termek\/amedeo\/#primaryimage"},"image":{"@id":"https:\/\/sani-world.com\/index.php\/termek\/amedeo\/#primaryimage"},"thumbnailUrl":"https:\/\/sani-world.com\/wp-content\/uploads\/2021\/09\/amedeo4.jpg","datePublished":"2021-09-28T11:44:34+00:00","dateModified":"2021-09-28T11:45:52+00:00","breadcrumb":{"@id":"https:\/\/sani-world.com\/index.php\/termek\/amedeo\/#breadcrumb"},"inLanguage":"hu","potentialAction":[{"@type":"ReadAction","target":["https:\/\/sani-world.com\/index.php\/termek\/amedeo\/"]}]},{"@type":"ImageObject","inLanguage":"hu","@id":"https:\/\/sani-world.com\/index.php\/termek\/amedeo\/#primaryimage","url":"https:\/\/sani-world.com\/wp-content\/uploads\/2021\/09\/amedeo4.jpg","contentUrl":"https:\/\/sani-world.com\/wp-content\/uploads\/2021\/09\/amedeo4.jpg","width":750,"height":800},{"@type":"BreadcrumbList","@id":"https:\/\/sani-world.com\/index.php\/termek\/amedeo\/#breadcrumb","itemListElement":[{"@type":"ListItem","position":1,"name":"Kezd\u0151lap","item":"https:\/\/sani-world.com\/"},{"@type":"ListItem","position":2,"name":"term\u00e9kek","item":"https:\/\/sani-world.com\/index.php\/termekek\/"},{"@type":"ListItem","position":3,"name":"Amedeo"}]},{"@type":"WebSite","@id":"https:\/\/sani-world.com\/#website","url":"https:\/\/sani-world.com\/","name":"","description":"","publisher":{"@id":"https:\/\/sani-world.com\/#organization"},"potentialAction":[{"@type":"SearchAction","target":{"@type":"EntryPoint","urlTemplate":"https:\/\/sani-world.com\/?s={search_term_string}"},"query-input":{"@type":"PropertyValueSpecification","valueRequired":true,"valueName":"search_term_string"}}],"inLanguage":"hu"},{"@type":"Organization","@id":"https:\/\/sani-world.com\/#organization","name":"sani-world","url":"https:\/\/sani-world.com\/","logo":{"@type":"ImageObject","inLanguage":"hu","@id":"https:\/\/sani-world.com\/#\/schema\/logo\/image\/","url":"https:\/\/sani-world.com\/wp-content\/uploads\/2021\/09\/cropped-SANIWORLD_logo_black.png","contentUrl":"https:\/\/sani-world.com\/wp-content\/uploads\/2021\/09\/cropped-SANIWORLD_logo_black.png","width":250,"height":75,"caption":"sani-world"},"image":{"@id":"https:\/\/sani-world.com\/#\/schema\/logo\/image\/"}}]}},"jetpack_sharing_enabled":true,"_links":{"self":[{"href":"https:\/\/sani-world.com\/index.php\/wp-json\/wp\/v2\/product\/849","targetHints":{"allow":["GET"]}}],"collection":[{"href":"https:\/\/sani-world.com\/index.php\/wp-json\/wp\/v2\/product"}],"about":[{"href":"https:\/\/sani-world.com\/index.php\/wp-json\/wp\/v2\/types\/product"}],"version-history":[{"count":2,"href":"https:\/\/sani-world.com\/index.php\/wp-json\/wp\/v2\/product\/849\/revisions"}],"predecessor-version":[{"id":855,"href":"https:\/\/sani-world.com\/index.php\/wp-json\/wp\/v2\/product\/849\/revisions\/855"}],"wp:featuredmedia":[{"embeddable":true,"href":"https:\/\/sani-world.com\/index.php\/wp-json\/wp\/v2\/media\/853"}],"wp:attachment":[{"href":"https:\/\/sani-world.com\/index.php\/wp-json\/wp\/v2\/media?parent=849"}],"wp:term":[{"taxonomy":"product_brand","embeddable":true,"href":"https:\/\/sani-world.com\/index.php\/wp-json\/wp\/v2\/product_brand?post=849"},{"taxonomy":"product_cat","embeddable":true,"href":"https:\/\/sani-world.com\/index.php\/wp-json\/wp\/v2\/product_cat?post=849"},{"taxonomy":"product_tag","embeddable":true,"href":"https:\/\/sani-world.com\/index.php\/wp-json\/wp\/v2\/product_tag?post=849"}],"curies":[{"name":"wp","href":"https:\/\/api.w.org\/{rel}","templated":true}]}}