{"id":839,"date":"2021-09-28T11:23:41","date_gmt":"2021-09-28T11:23:41","guid":{"rendered":"https:\/\/sani-world.com\/?post_type=product&#038;p=839"},"modified":"2021-09-28T11:26:12","modified_gmt":"2021-09-28T11:26:12","slug":"grown","status":"publish","type":"product","link":"https:\/\/sani-world.com\/index.php\/termek\/grown\/","title":{"rendered":"Grown"},"content":{"rendered":"","protected":false},"excerpt":{"rendered":"<p>Egy vashuzal sorozat, amely ritmikusan j\u00e1tszik a f\u00e9nnyel: elv\u00e1gja, feler\u0151s\u00edti, eltakarja, kirajzolja.<\/p>\n<p>&nbsp;<\/p>\n<ul>\n<li><strong>Kateg\u00f3ria:<\/strong> \u00c1ll\u00f3l\u00e1mpa<\/li>\n<li><strong>M\u00e9retek:<\/strong> Sz\u00e9less\u00e9g 45 cm x magass\u00e1g 60 cm \/ Mennyezeti r\u00f3zsa: \u00d810,5 cm x magass\u00e1g 6 cm<\/li>\n<li><strong>F\u00e9nyforr\u00e1s:<\/strong> Foglalat E27 izz\u00f3 A60 t\u00edpus\u00fa (izz\u00f3 n\u00e9lk\u00fcl) {A ++ &#8211; \u203aE} Max. 105W<\/li>\n<li><strong>Anyaga:<\/strong> Vas<\/li>\n<li><strong>Sz\u00edn:<\/strong>\n<ul>\n<li style=\"list-style-type: none;\">\n<ul>\n<li>R\u00e9z<\/li>\n<li>RAL 9010 Tiszta feh\u00e9r &#8211; \u00e1tl\u00e1tszatlan<\/li>\n<li>RAL 9005 Intenz\u00edv fekete &#8211; matt<\/li>\n<\/ul>\n<\/li>\n<\/ul>\n<\/li>\n<\/ul>\n","protected":false},"featured_media":843,"template":"","meta":[],"product_brand":[],"product_cat":[23,26,31],"product_tag":[],"class_list":{"0":"post-839","1":"product","2":"type-product","3":"status-publish","4":"has-post-thumbnail","6":"product_cat-allolampa","7":"product_cat-lampa","8":"product_cat-zava","10":"first","11":"instock","12":"shipping-taxable","13":"product-type-simple"},"yoast_head":"<!-- This site is optimized with the Yoast SEO plugin v27.4 - https:\/\/yoast.com\/product\/yoast-seo-wordpress\/ -->\n<title>Grown -<\/title>\n<meta name=\"robots\" content=\"index, follow, max-snippet:-1, max-image-preview:large, max-video-preview:-1\" \/>\n<link rel=\"canonical\" href=\"https:\/\/sani-world.com\/index.php\/termek\/grown\/\" \/>\n<meta property=\"og:locale\" content=\"hu_HU\" \/>\n<meta property=\"og:type\" content=\"article\" \/>\n<meta property=\"og:title\" content=\"Grown -\" \/>\n<meta property=\"og:description\" content=\"Egy vashuzal sorozat, amely ritmikusan j\u00e1tszik a f\u00e9nnyel: elv\u00e1gja, feler\u0151s\u00edti, eltakarja, kirajzolja.  &nbsp;   Kateg\u00f3ria: \u00c1ll\u00f3l\u00e1mpa  M\u00e9retek: Sz\u00e9less\u00e9g 45 cm x magass\u00e1g 60 cm \/ Mennyezeti r\u00f3zsa: \u00d810,5 cm x magass\u00e1g 6 cm  F\u00e9nyforr\u00e1s: Foglalat E27 izz\u00f3 A60 t\u00edpus\u00fa (izz\u00f3 n\u00e9lk\u00fcl) {A ++ - \u203aE} Max. 105W  Anyaga: Vas  Sz\u00edn:      R\u00e9z  RAL 9010 Tiszta feh\u00e9r - \u00e1tl\u00e1tszatlan  RAL 9005 Intenz\u00edv fekete - matt\" \/>\n<meta property=\"og:url\" content=\"https:\/\/sani-world.com\/index.php\/termek\/grown\/\" \/>\n<meta property=\"article:modified_time\" content=\"2021-09-28T11:26:12+00:00\" \/>\n<meta property=\"og:image\" content=\"https:\/\/sani-world.com\/wp-content\/uploads\/2021\/09\/grownallo1.jpg\" \/>\n\t<meta property=\"og:image:width\" content=\"750\" \/>\n\t<meta property=\"og:image:height\" content=\"800\" \/>\n\t<meta property=\"og:image:type\" content=\"image\/jpeg\" \/>\n<meta name=\"twitter:card\" content=\"summary_large_image\" \/>\n<script type=\"application\/ld+json\" class=\"yoast-schema-graph\">{\"@context\":\"https:\\\/\\\/schema.org\",\"@graph\":[{\"@type\":\"WebPage\",\"@id\":\"https:\\\/\\\/sani-world.com\\\/index.php\\\/termek\\\/grown\\\/\",\"url\":\"https:\\\/\\\/sani-world.com\\\/index.php\\\/termek\\\/grown\\\/\",\"name\":\"Grown -\",\"isPartOf\":{\"@id\":\"https:\\\/\\\/sani-world.com\\\/#website\"},\"primaryImageOfPage\":{\"@id\":\"https:\\\/\\\/sani-world.com\\\/index.php\\\/termek\\\/grown\\\/#primaryimage\"},\"image\":{\"@id\":\"https:\\\/\\\/sani-world.com\\\/index.php\\\/termek\\\/grown\\\/#primaryimage\"},\"thumbnailUrl\":\"https:\\\/\\\/sani-world.com\\\/wp-content\\\/uploads\\\/2021\\\/09\\\/grownallo1.jpg\",\"datePublished\":\"2021-09-28T11:23:41+00:00\",\"dateModified\":\"2021-09-28T11:26:12+00:00\",\"breadcrumb\":{\"@id\":\"https:\\\/\\\/sani-world.com\\\/index.php\\\/termek\\\/grown\\\/#breadcrumb\"},\"inLanguage\":\"hu\",\"potentialAction\":[{\"@type\":\"ReadAction\",\"target\":[\"https:\\\/\\\/sani-world.com\\\/index.php\\\/termek\\\/grown\\\/\"]}]},{\"@type\":\"ImageObject\",\"inLanguage\":\"hu\",\"@id\":\"https:\\\/\\\/sani-world.com\\\/index.php\\\/termek\\\/grown\\\/#primaryimage\",\"url\":\"https:\\\/\\\/sani-world.com\\\/wp-content\\\/uploads\\\/2021\\\/09\\\/grownallo1.jpg\",\"contentUrl\":\"https:\\\/\\\/sani-world.com\\\/wp-content\\\/uploads\\\/2021\\\/09\\\/grownallo1.jpg\",\"width\":750,\"height\":800},{\"@type\":\"BreadcrumbList\",\"@id\":\"https:\\\/\\\/sani-world.com\\\/index.php\\\/termek\\\/grown\\\/#breadcrumb\",\"itemListElement\":[{\"@type\":\"ListItem\",\"position\":1,\"name\":\"Kezd\u0151lap\",\"item\":\"https:\\\/\\\/sani-world.com\\\/\"},{\"@type\":\"ListItem\",\"position\":2,\"name\":\"term\u00e9kek\",\"item\":\"https:\\\/\\\/sani-world.com\\\/index.php\\\/termekek\\\/\"},{\"@type\":\"ListItem\",\"position\":3,\"name\":\"Grown\"}]},{\"@type\":\"WebSite\",\"@id\":\"https:\\\/\\\/sani-world.com\\\/#website\",\"url\":\"https:\\\/\\\/sani-world.com\\\/\",\"name\":\"\",\"description\":\"\",\"publisher\":{\"@id\":\"https:\\\/\\\/sani-world.com\\\/#organization\"},\"potentialAction\":[{\"@type\":\"SearchAction\",\"target\":{\"@type\":\"EntryPoint\",\"urlTemplate\":\"https:\\\/\\\/sani-world.com\\\/?s={search_term_string}\"},\"query-input\":{\"@type\":\"PropertyValueSpecification\",\"valueRequired\":true,\"valueName\":\"search_term_string\"}}],\"inLanguage\":\"hu\"},{\"@type\":\"Organization\",\"@id\":\"https:\\\/\\\/sani-world.com\\\/#organization\",\"name\":\"sani-world\",\"url\":\"https:\\\/\\\/sani-world.com\\\/\",\"logo\":{\"@type\":\"ImageObject\",\"inLanguage\":\"hu\",\"@id\":\"https:\\\/\\\/sani-world.com\\\/#\\\/schema\\\/logo\\\/image\\\/\",\"url\":\"https:\\\/\\\/sani-world.com\\\/wp-content\\\/uploads\\\/2021\\\/09\\\/cropped-SANIWORLD_logo_black.png\",\"contentUrl\":\"https:\\\/\\\/sani-world.com\\\/wp-content\\\/uploads\\\/2021\\\/09\\\/cropped-SANIWORLD_logo_black.png\",\"width\":250,\"height\":75,\"caption\":\"sani-world\"},\"image\":{\"@id\":\"https:\\\/\\\/sani-world.com\\\/#\\\/schema\\\/logo\\\/image\\\/\"}}]}<\/script>\n<!-- \/ Yoast SEO plugin. -->","yoast_head_json":{"title":"Grown -","robots":{"index":"index","follow":"follow","max-snippet":"max-snippet:-1","max-image-preview":"max-image-preview:large","max-video-preview":"max-video-preview:-1"},"canonical":"https:\/\/sani-world.com\/index.php\/termek\/grown\/","og_locale":"hu_HU","og_type":"article","og_title":"Grown -","og_description":"Egy vashuzal sorozat, amely ritmikusan j\u00e1tszik a f\u00e9nnyel: elv\u00e1gja, feler\u0151s\u00edti, eltakarja, kirajzolja.  &nbsp;   Kateg\u00f3ria: \u00c1ll\u00f3l\u00e1mpa  M\u00e9retek: Sz\u00e9less\u00e9g 45 cm x magass\u00e1g 60 cm \/ Mennyezeti r\u00f3zsa: \u00d810,5 cm x magass\u00e1g 6 cm  F\u00e9nyforr\u00e1s: Foglalat E27 izz\u00f3 A60 t\u00edpus\u00fa (izz\u00f3 n\u00e9lk\u00fcl) {A ++ - \u203aE} Max. 105W  Anyaga: Vas  Sz\u00edn:      R\u00e9z  RAL 9010 Tiszta feh\u00e9r - \u00e1tl\u00e1tszatlan  RAL 9005 Intenz\u00edv fekete - matt","og_url":"https:\/\/sani-world.com\/index.php\/termek\/grown\/","article_modified_time":"2021-09-28T11:26:12+00:00","og_image":[{"width":750,"height":800,"url":"https:\/\/sani-world.com\/wp-content\/uploads\/2021\/09\/grownallo1.jpg","type":"image\/jpeg"}],"twitter_card":"summary_large_image","schema":{"@context":"https:\/\/schema.org","@graph":[{"@type":"WebPage","@id":"https:\/\/sani-world.com\/index.php\/termek\/grown\/","url":"https:\/\/sani-world.com\/index.php\/termek\/grown\/","name":"Grown -","isPartOf":{"@id":"https:\/\/sani-world.com\/#website"},"primaryImageOfPage":{"@id":"https:\/\/sani-world.com\/index.php\/termek\/grown\/#primaryimage"},"image":{"@id":"https:\/\/sani-world.com\/index.php\/termek\/grown\/#primaryimage"},"thumbnailUrl":"https:\/\/sani-world.com\/wp-content\/uploads\/2021\/09\/grownallo1.jpg","datePublished":"2021-09-28T11:23:41+00:00","dateModified":"2021-09-28T11:26:12+00:00","breadcrumb":{"@id":"https:\/\/sani-world.com\/index.php\/termek\/grown\/#breadcrumb"},"inLanguage":"hu","potentialAction":[{"@type":"ReadAction","target":["https:\/\/sani-world.com\/index.php\/termek\/grown\/"]}]},{"@type":"ImageObject","inLanguage":"hu","@id":"https:\/\/sani-world.com\/index.php\/termek\/grown\/#primaryimage","url":"https:\/\/sani-world.com\/wp-content\/uploads\/2021\/09\/grownallo1.jpg","contentUrl":"https:\/\/sani-world.com\/wp-content\/uploads\/2021\/09\/grownallo1.jpg","width":750,"height":800},{"@type":"BreadcrumbList","@id":"https:\/\/sani-world.com\/index.php\/termek\/grown\/#breadcrumb","itemListElement":[{"@type":"ListItem","position":1,"name":"Kezd\u0151lap","item":"https:\/\/sani-world.com\/"},{"@type":"ListItem","position":2,"name":"term\u00e9kek","item":"https:\/\/sani-world.com\/index.php\/termekek\/"},{"@type":"ListItem","position":3,"name":"Grown"}]},{"@type":"WebSite","@id":"https:\/\/sani-world.com\/#website","url":"https:\/\/sani-world.com\/","name":"","description":"","publisher":{"@id":"https:\/\/sani-world.com\/#organization"},"potentialAction":[{"@type":"SearchAction","target":{"@type":"EntryPoint","urlTemplate":"https:\/\/sani-world.com\/?s={search_term_string}"},"query-input":{"@type":"PropertyValueSpecification","valueRequired":true,"valueName":"search_term_string"}}],"inLanguage":"hu"},{"@type":"Organization","@id":"https:\/\/sani-world.com\/#organization","name":"sani-world","url":"https:\/\/sani-world.com\/","logo":{"@type":"ImageObject","inLanguage":"hu","@id":"https:\/\/sani-world.com\/#\/schema\/logo\/image\/","url":"https:\/\/sani-world.com\/wp-content\/uploads\/2021\/09\/cropped-SANIWORLD_logo_black.png","contentUrl":"https:\/\/sani-world.com\/wp-content\/uploads\/2021\/09\/cropped-SANIWORLD_logo_black.png","width":250,"height":75,"caption":"sani-world"},"image":{"@id":"https:\/\/sani-world.com\/#\/schema\/logo\/image\/"}}]}},"jetpack_sharing_enabled":true,"_links":{"self":[{"href":"https:\/\/sani-world.com\/index.php\/wp-json\/wp\/v2\/product\/839","targetHints":{"allow":["GET"]}}],"collection":[{"href":"https:\/\/sani-world.com\/index.php\/wp-json\/wp\/v2\/product"}],"about":[{"href":"https:\/\/sani-world.com\/index.php\/wp-json\/wp\/v2\/types\/product"}],"version-history":[{"count":2,"href":"https:\/\/sani-world.com\/index.php\/wp-json\/wp\/v2\/product\/839\/revisions"}],"predecessor-version":[{"id":847,"href":"https:\/\/sani-world.com\/index.php\/wp-json\/wp\/v2\/product\/839\/revisions\/847"}],"wp:featuredmedia":[{"embeddable":true,"href":"https:\/\/sani-world.com\/index.php\/wp-json\/wp\/v2\/media\/843"}],"wp:attachment":[{"href":"https:\/\/sani-world.com\/index.php\/wp-json\/wp\/v2\/media?parent=839"}],"wp:term":[{"taxonomy":"product_brand","embeddable":true,"href":"https:\/\/sani-world.com\/index.php\/wp-json\/wp\/v2\/product_brand?post=839"},{"taxonomy":"product_cat","embeddable":true,"href":"https:\/\/sani-world.com\/index.php\/wp-json\/wp\/v2\/product_cat?post=839"},{"taxonomy":"product_tag","embeddable":true,"href":"https:\/\/sani-world.com\/index.php\/wp-json\/wp\/v2\/product_tag?post=839"}],"curies":[{"name":"wp","href":"https:\/\/api.w.org\/{rel}","templated":true}]}}