{"id":834,"date":"2021-09-28T11:10:58","date_gmt":"2021-09-28T11:10:58","guid":{"rendered":"https:\/\/sani-world.com\/?post_type=product&#038;p=834"},"modified":"2021-09-28T11:26:31","modified_gmt":"2021-09-28T11:26:31","slug":"etre","status":"publish","type":"product","link":"https:\/\/sani-world.com\/index.php\/termek\/etre\/","title":{"rendered":"Etr\u00e9"},"content":{"rendered":"","protected":false},"excerpt":{"rendered":"<p>\u00dcress\u00e9gbe mer\u00fcl\u0151 form\u00e1k. Az Etr\u00e8 egy olyan kollekci\u00f3, ami nagyon finoman alkalmazkodik b\u00e1rmilyen k\u00f6rnyezethez. H\u00e1rom kecses elem h\u00faz\u00f3dik felfel\u00e9, kiemelve a f\u00e9mszerkezet k\u00f6nnyeds\u00e9g\u00e9t; egyed\u00fcl a l\u00e1mpa ad egy csipetnyi sz\u00ednt a kompoz\u00edci\u00f3nak.<\/p>\n<p>&nbsp;<\/p>\n<ul>\n<li><strong>Kateg\u00f3ria:<\/strong> Falra szerelhet\u0151 l\u00e1mpa<\/li>\n<li><strong>M\u00e9retek:<\/strong> 66 cm x m 180 cm<\/li>\n<li><strong>F\u00e9nyforr\u00e1s:<\/strong> Foglalat E27 (izz\u00f3 nem tartoz\u00e9k) {A ++ &#8211; \u203aE} Max. 70W<\/li>\n<li><strong>Anyaga:<\/strong>\n<ul>\n<li style=\"list-style-type: none;\">\n<ul>\n<li>Vas<\/li>\n<li>Metakril\u00e1t<\/li>\n<\/ul>\n<\/li>\n<\/ul>\n<\/li>\n<li><strong>Sz\u00edn:<\/strong>\n<ul>\n<li style=\"list-style-type: none;\">\n<ul>\n<li>RAL 9005 Tiszta feh\u00e9r &#8211; \u00e1tl\u00e1tszatlan &#8211;<\/li>\n<li>RAL 9005 Jet black &#8211; \u00e1tl\u00e1tszatlan &#8211;<\/li>\n<li>Szahara<\/li>\n<\/ul>\n<\/li>\n<\/ul>\n<\/li>\n<\/ul>\n","protected":false},"featured_media":835,"template":"","meta":[],"product_brand":[],"product_cat":[25,26,31],"product_tag":[],"class_list":{"0":"post-834","1":"product","2":"type-product","3":"status-publish","4":"has-post-thumbnail","6":"product_cat-fali-lampa","7":"product_cat-lampa","8":"product_cat-zava","10":"first","11":"instock","12":"shipping-taxable","13":"product-type-simple"},"yoast_head":"<!-- This site is optimized with the Yoast SEO plugin v27.3 - https:\/\/yoast.com\/product\/yoast-seo-wordpress\/ -->\n<title>Etr\u00e9 -<\/title>\n<meta name=\"robots\" content=\"index, follow, max-snippet:-1, max-image-preview:large, max-video-preview:-1\" \/>\n<link rel=\"canonical\" href=\"https:\/\/sani-world.com\/index.php\/termek\/etre\/\" \/>\n<meta property=\"og:locale\" content=\"hu_HU\" \/>\n<meta property=\"og:type\" content=\"article\" \/>\n<meta property=\"og:title\" content=\"Etr\u00e9 -\" \/>\n<meta property=\"og:description\" content=\"\u00dcress\u00e9gbe mer\u00fcl\u0151 form\u00e1k. Az Etr\u00e8 egy olyan kollekci\u00f3, ami nagyon finoman alkalmazkodik b\u00e1rmilyen k\u00f6rnyezethez. H\u00e1rom kecses elem h\u00faz\u00f3dik felfel\u00e9, kiemelve a f\u00e9mszerkezet k\u00f6nnyeds\u00e9g\u00e9t; egyed\u00fcl a l\u00e1mpa ad egy csipetnyi sz\u00ednt a kompoz\u00edci\u00f3nak.  &nbsp;   Kateg\u00f3ria: Falra szerelhet\u0151 l\u00e1mpa  M\u00e9retek: 66 cm x m 180 cm  F\u00e9nyforr\u00e1s: Foglalat E27 (izz\u00f3 nem tartoz\u00e9k) {A ++ - \u203aE} Max. 70W  Anyaga:      Vas  Metakril\u00e1t      Sz\u00edn:      RAL 9005 Tiszta feh\u00e9r - \u00e1tl\u00e1tszatlan -  RAL 9005 Jet black - \u00e1tl\u00e1tszatlan -  Szahara\" \/>\n<meta property=\"og:url\" content=\"https:\/\/sani-world.com\/index.php\/termek\/etre\/\" \/>\n<meta property=\"article:modified_time\" content=\"2021-09-28T11:26:31+00:00\" \/>\n<meta property=\"og:image\" content=\"https:\/\/sani-world.com\/wp-content\/uploads\/2021\/09\/etre1.jpg\" \/>\n\t<meta property=\"og:image:width\" content=\"750\" \/>\n\t<meta property=\"og:image:height\" content=\"800\" \/>\n\t<meta property=\"og:image:type\" content=\"image\/jpeg\" \/>\n<meta name=\"twitter:card\" content=\"summary_large_image\" \/>\n<script type=\"application\/ld+json\" class=\"yoast-schema-graph\">{\"@context\":\"https:\\\/\\\/schema.org\",\"@graph\":[{\"@type\":\"WebPage\",\"@id\":\"https:\\\/\\\/sani-world.com\\\/index.php\\\/termek\\\/etre\\\/\",\"url\":\"https:\\\/\\\/sani-world.com\\\/index.php\\\/termek\\\/etre\\\/\",\"name\":\"Etr\u00e9 -\",\"isPartOf\":{\"@id\":\"https:\\\/\\\/sani-world.com\\\/#website\"},\"primaryImageOfPage\":{\"@id\":\"https:\\\/\\\/sani-world.com\\\/index.php\\\/termek\\\/etre\\\/#primaryimage\"},\"image\":{\"@id\":\"https:\\\/\\\/sani-world.com\\\/index.php\\\/termek\\\/etre\\\/#primaryimage\"},\"thumbnailUrl\":\"https:\\\/\\\/sani-world.com\\\/wp-content\\\/uploads\\\/2021\\\/09\\\/etre1.jpg\",\"datePublished\":\"2021-09-28T11:10:58+00:00\",\"dateModified\":\"2021-09-28T11:26:31+00:00\",\"breadcrumb\":{\"@id\":\"https:\\\/\\\/sani-world.com\\\/index.php\\\/termek\\\/etre\\\/#breadcrumb\"},\"inLanguage\":\"hu\",\"potentialAction\":[{\"@type\":\"ReadAction\",\"target\":[\"https:\\\/\\\/sani-world.com\\\/index.php\\\/termek\\\/etre\\\/\"]}]},{\"@type\":\"ImageObject\",\"inLanguage\":\"hu\",\"@id\":\"https:\\\/\\\/sani-world.com\\\/index.php\\\/termek\\\/etre\\\/#primaryimage\",\"url\":\"https:\\\/\\\/sani-world.com\\\/wp-content\\\/uploads\\\/2021\\\/09\\\/etre1.jpg\",\"contentUrl\":\"https:\\\/\\\/sani-world.com\\\/wp-content\\\/uploads\\\/2021\\\/09\\\/etre1.jpg\",\"width\":750,\"height\":800},{\"@type\":\"BreadcrumbList\",\"@id\":\"https:\\\/\\\/sani-world.com\\\/index.php\\\/termek\\\/etre\\\/#breadcrumb\",\"itemListElement\":[{\"@type\":\"ListItem\",\"position\":1,\"name\":\"Kezd\u0151lap\",\"item\":\"https:\\\/\\\/sani-world.com\\\/\"},{\"@type\":\"ListItem\",\"position\":2,\"name\":\"term\u00e9kek\",\"item\":\"https:\\\/\\\/sani-world.com\\\/index.php\\\/termekek\\\/\"},{\"@type\":\"ListItem\",\"position\":3,\"name\":\"Etr\u00e9\"}]},{\"@type\":\"WebSite\",\"@id\":\"https:\\\/\\\/sani-world.com\\\/#website\",\"url\":\"https:\\\/\\\/sani-world.com\\\/\",\"name\":\"\",\"description\":\"\",\"publisher\":{\"@id\":\"https:\\\/\\\/sani-world.com\\\/#organization\"},\"potentialAction\":[{\"@type\":\"SearchAction\",\"target\":{\"@type\":\"EntryPoint\",\"urlTemplate\":\"https:\\\/\\\/sani-world.com\\\/?s={search_term_string}\"},\"query-input\":{\"@type\":\"PropertyValueSpecification\",\"valueRequired\":true,\"valueName\":\"search_term_string\"}}],\"inLanguage\":\"hu\"},{\"@type\":\"Organization\",\"@id\":\"https:\\\/\\\/sani-world.com\\\/#organization\",\"name\":\"sani-world\",\"url\":\"https:\\\/\\\/sani-world.com\\\/\",\"logo\":{\"@type\":\"ImageObject\",\"inLanguage\":\"hu\",\"@id\":\"https:\\\/\\\/sani-world.com\\\/#\\\/schema\\\/logo\\\/image\\\/\",\"url\":\"https:\\\/\\\/sani-world.com\\\/wp-content\\\/uploads\\\/2021\\\/09\\\/cropped-SANIWORLD_logo_black.png\",\"contentUrl\":\"https:\\\/\\\/sani-world.com\\\/wp-content\\\/uploads\\\/2021\\\/09\\\/cropped-SANIWORLD_logo_black.png\",\"width\":250,\"height\":75,\"caption\":\"sani-world\"},\"image\":{\"@id\":\"https:\\\/\\\/sani-world.com\\\/#\\\/schema\\\/logo\\\/image\\\/\"}}]}<\/script>\n<!-- \/ Yoast SEO plugin. -->","yoast_head_json":{"title":"Etr\u00e9 -","robots":{"index":"index","follow":"follow","max-snippet":"max-snippet:-1","max-image-preview":"max-image-preview:large","max-video-preview":"max-video-preview:-1"},"canonical":"https:\/\/sani-world.com\/index.php\/termek\/etre\/","og_locale":"hu_HU","og_type":"article","og_title":"Etr\u00e9 -","og_description":"\u00dcress\u00e9gbe mer\u00fcl\u0151 form\u00e1k. Az Etr\u00e8 egy olyan kollekci\u00f3, ami nagyon finoman alkalmazkodik b\u00e1rmilyen k\u00f6rnyezethez. H\u00e1rom kecses elem h\u00faz\u00f3dik felfel\u00e9, kiemelve a f\u00e9mszerkezet k\u00f6nnyeds\u00e9g\u00e9t; egyed\u00fcl a l\u00e1mpa ad egy csipetnyi sz\u00ednt a kompoz\u00edci\u00f3nak.  &nbsp;   Kateg\u00f3ria: Falra szerelhet\u0151 l\u00e1mpa  M\u00e9retek: 66 cm x m 180 cm  F\u00e9nyforr\u00e1s: Foglalat E27 (izz\u00f3 nem tartoz\u00e9k) {A ++ - \u203aE} Max. 70W  Anyaga:      Vas  Metakril\u00e1t      Sz\u00edn:      RAL 9005 Tiszta feh\u00e9r - \u00e1tl\u00e1tszatlan -  RAL 9005 Jet black - \u00e1tl\u00e1tszatlan -  Szahara","og_url":"https:\/\/sani-world.com\/index.php\/termek\/etre\/","article_modified_time":"2021-09-28T11:26:31+00:00","og_image":[{"width":750,"height":800,"url":"https:\/\/sani-world.com\/wp-content\/uploads\/2021\/09\/etre1.jpg","type":"image\/jpeg"}],"twitter_card":"summary_large_image","schema":{"@context":"https:\/\/schema.org","@graph":[{"@type":"WebPage","@id":"https:\/\/sani-world.com\/index.php\/termek\/etre\/","url":"https:\/\/sani-world.com\/index.php\/termek\/etre\/","name":"Etr\u00e9 -","isPartOf":{"@id":"https:\/\/sani-world.com\/#website"},"primaryImageOfPage":{"@id":"https:\/\/sani-world.com\/index.php\/termek\/etre\/#primaryimage"},"image":{"@id":"https:\/\/sani-world.com\/index.php\/termek\/etre\/#primaryimage"},"thumbnailUrl":"https:\/\/sani-world.com\/wp-content\/uploads\/2021\/09\/etre1.jpg","datePublished":"2021-09-28T11:10:58+00:00","dateModified":"2021-09-28T11:26:31+00:00","breadcrumb":{"@id":"https:\/\/sani-world.com\/index.php\/termek\/etre\/#breadcrumb"},"inLanguage":"hu","potentialAction":[{"@type":"ReadAction","target":["https:\/\/sani-world.com\/index.php\/termek\/etre\/"]}]},{"@type":"ImageObject","inLanguage":"hu","@id":"https:\/\/sani-world.com\/index.php\/termek\/etre\/#primaryimage","url":"https:\/\/sani-world.com\/wp-content\/uploads\/2021\/09\/etre1.jpg","contentUrl":"https:\/\/sani-world.com\/wp-content\/uploads\/2021\/09\/etre1.jpg","width":750,"height":800},{"@type":"BreadcrumbList","@id":"https:\/\/sani-world.com\/index.php\/termek\/etre\/#breadcrumb","itemListElement":[{"@type":"ListItem","position":1,"name":"Kezd\u0151lap","item":"https:\/\/sani-world.com\/"},{"@type":"ListItem","position":2,"name":"term\u00e9kek","item":"https:\/\/sani-world.com\/index.php\/termekek\/"},{"@type":"ListItem","position":3,"name":"Etr\u00e9"}]},{"@type":"WebSite","@id":"https:\/\/sani-world.com\/#website","url":"https:\/\/sani-world.com\/","name":"","description":"","publisher":{"@id":"https:\/\/sani-world.com\/#organization"},"potentialAction":[{"@type":"SearchAction","target":{"@type":"EntryPoint","urlTemplate":"https:\/\/sani-world.com\/?s={search_term_string}"},"query-input":{"@type":"PropertyValueSpecification","valueRequired":true,"valueName":"search_term_string"}}],"inLanguage":"hu"},{"@type":"Organization","@id":"https:\/\/sani-world.com\/#organization","name":"sani-world","url":"https:\/\/sani-world.com\/","logo":{"@type":"ImageObject","inLanguage":"hu","@id":"https:\/\/sani-world.com\/#\/schema\/logo\/image\/","url":"https:\/\/sani-world.com\/wp-content\/uploads\/2021\/09\/cropped-SANIWORLD_logo_black.png","contentUrl":"https:\/\/sani-world.com\/wp-content\/uploads\/2021\/09\/cropped-SANIWORLD_logo_black.png","width":250,"height":75,"caption":"sani-world"},"image":{"@id":"https:\/\/sani-world.com\/#\/schema\/logo\/image\/"}}]}},"jetpack_sharing_enabled":true,"_links":{"self":[{"href":"https:\/\/sani-world.com\/index.php\/wp-json\/wp\/v2\/product\/834","targetHints":{"allow":["GET"]}}],"collection":[{"href":"https:\/\/sani-world.com\/index.php\/wp-json\/wp\/v2\/product"}],"about":[{"href":"https:\/\/sani-world.com\/index.php\/wp-json\/wp\/v2\/types\/product"}],"version-history":[{"count":1,"href":"https:\/\/sani-world.com\/index.php\/wp-json\/wp\/v2\/product\/834\/revisions"}],"predecessor-version":[{"id":838,"href":"https:\/\/sani-world.com\/index.php\/wp-json\/wp\/v2\/product\/834\/revisions\/838"}],"wp:featuredmedia":[{"embeddable":true,"href":"https:\/\/sani-world.com\/index.php\/wp-json\/wp\/v2\/media\/835"}],"wp:attachment":[{"href":"https:\/\/sani-world.com\/index.php\/wp-json\/wp\/v2\/media?parent=834"}],"wp:term":[{"taxonomy":"product_brand","embeddable":true,"href":"https:\/\/sani-world.com\/index.php\/wp-json\/wp\/v2\/product_brand?post=834"},{"taxonomy":"product_cat","embeddable":true,"href":"https:\/\/sani-world.com\/index.php\/wp-json\/wp\/v2\/product_cat?post=834"},{"taxonomy":"product_tag","embeddable":true,"href":"https:\/\/sani-world.com\/index.php\/wp-json\/wp\/v2\/product_tag?post=834"}],"curies":[{"name":"wp","href":"https:\/\/api.w.org\/{rel}","templated":true}]}}