{"id":1107,"date":"2021-11-03T09:12:05","date_gmt":"2021-11-03T09:12:05","guid":{"rendered":"https:\/\/sani-world.com\/?post_type=product&#038;p=1107"},"modified":"2021-11-05T13:38:52","modified_gmt":"2021-11-05T13:38:52","slug":"forma-mentis","status":"publish","type":"product","link":"https:\/\/sani-world.com\/index.php\/termek\/forma-mentis\/","title":{"rendered":"Forma Mentis"},"content":{"rendered":"","protected":false},"excerpt":{"rendered":"<p>Ennek a konyh\u00e1nak a tervez\u00e9s\u00e9n\u00e9l a funkcionalit\u00e1son t\u00fal a sokoldal\u00fas\u00e1got \u00e9s az egyedi ig\u00e9nyre szabhat\u00f3s\u00e1got tartottuk szem el\u0151tt, hiszen n\u00e1lunk az egy\u00e9n sz\u00fcks\u00e9gletei \u00e9s a k\u00e9nyelem \u00e1ll a tervez\u00e9s k\u00f6z\u00e9ppontj\u00e1ban.<\/p>\n<p>A Forma Mentis ajt\u00f3k form\u00e1j\u00e1t \u00e9s anyagszer\u0171s\u00e9g\u00e9t \u2013 melyek ferde \u00e9s mikrobord\u00e1s \u00e9lekkel k\u00e9sz\u00fcltek &#8211; \u00fagy tervezt\u00e9k, hogy megk\u00f6nny\u00edtse a fog\u00e1st \u00e9s a nyit\u00e1s foganty\u00fa n\u00e9lk\u00fcl, mik\u00f6zben maxim\u00e1lis eszt\u00e9tikai tisztas\u00e1got \u00e9s k\u00f6nny\u0171 kezelhet\u0151s\u00e9get tesz lehet\u0151v\u00e9. Ezenk\u00edv\u00fcl az ajt\u00f3kra \u00e9s a munkapultra helyezett f\u00e9m \u00e9lv\u00e9d\u0151 profilok n\u00f6velik azok ellen\u00e1ll\u00f3k\u00e9pess\u00e9g\u00e9t. Az kifejez\u0151 energia \u00e9s az egyedis\u00e9g t\u00f6k\u00e9letes szinkronban van: a munkapult vastags\u00e1g\u00e1nak, a horony t\u00edpus\u00e1nak, a k\u00fcl\u00f6nb\u00f6z\u0151 sz\u00edn\u0171 profiloknak \u00e9s ezek kombin\u00e1ci\u00f3inak k\u00f6sz\u00f6nhet\u0151en a konyha k\u00fclseje k\u00f6nnyen egyediv\u00e9 var\u00e1zsolhat\u00f3.<\/p>\n<p><strong>K\u00c9NYELEM \u00c9S J\u00d3L\u00c9T<\/strong><\/p>\n<ul>\n<li>az ajt\u00f3 optim\u00e1lis fog\u00e1sa a mikrobord\u00e1s ferde \u00e9leknek k\u00f6sz\u00f6nhet\u0151en;<\/li>\n<li>a tapint\u00e1si \u00e9lm\u00e9nye, amely a k\u00fcl\u00f6nleges anyagfel\u00fcleteknek k\u00f6sz\u00f6nhet\u0151;<\/li>\n<\/ul>\n<p><strong>HOSSZ\u00da \u00c9LETTARTAM<\/strong><\/p>\n<ul>\n<li>\u00e9lv\u00e9delem alum\u00ednium profilokkal<\/li>\n<li>a munkapult testreszabhat\u00f3s\u00e1ga k\u00fcl\u00f6nb\u00f6z\u0151 vastags\u00e1ggal \u00e9s sz\u00ednes bar\u00e1zd\u00e1kkal<\/li>\n<li>minden felhaszn\u00e1lt anyagot alapos min\u0151s\u00e9gi ellen\u0151rz\u00e9s el\u0151zte meg<\/li>\n<\/ul>\n<p><strong>INNOV\u00c1CI\u00d3<\/strong><\/p>\n<ul>\n<li>\u00faj, P.V.C. mentes anyag, mely \u00e1rtalmatlan a dioxin -kibocs\u00e1t\u00e1s elker\u00fcl\u00e9se \u00e9rdek\u00e9ben<\/li>\n<\/ul>\n<p>&nbsp;<\/p>\n","protected":false},"featured_media":1109,"template":"","meta":[],"product_brand":[],"product_cat":[36,35],"product_tag":[],"class_list":{"0":"post-1107","1":"product","2":"type-product","3":"status-publish","4":"has-post-thumbnail","6":"product_cat-konyha","7":"product_cat-valcucine","9":"first","10":"instock","11":"shipping-taxable","12":"product-type-simple"},"yoast_head":"<!-- This site is optimized with the Yoast SEO plugin v27.5 - https:\/\/yoast.com\/product\/yoast-seo-wordpress\/ -->\n<title>Forma Mentis<\/title>\n<meta name=\"robots\" content=\"index, follow, max-snippet:-1, max-image-preview:large, max-video-preview:-1\" \/>\n<link rel=\"canonical\" href=\"https:\/\/sani-world.com\/index.php\/termek\/forma-mentis\/\" \/>\n<meta property=\"og:locale\" content=\"hu_HU\" \/>\n<meta property=\"og:type\" content=\"article\" \/>\n<meta property=\"og:title\" content=\"Forma Mentis\" \/>\n<meta property=\"og:description\" content=\"Ennek a konyh\u00e1nak a tervez\u00e9s\u00e9n\u00e9l a funkcionalit\u00e1son t\u00fal a sokoldal\u00fas\u00e1got \u00e9s az egyedi ig\u00e9nyre szabhat\u00f3s\u00e1got tartottuk szem el\u0151tt, hiszen n\u00e1lunk az egy\u00e9n sz\u00fcks\u00e9gletei \u00e9s a k\u00e9nyelem \u00e1ll a tervez\u00e9s k\u00f6z\u00e9ppontj\u00e1ban.  A Forma Mentis ajt\u00f3k form\u00e1j\u00e1t \u00e9s anyagszer\u0171s\u00e9g\u00e9t \u2013 melyek ferde \u00e9s mikrobord\u00e1s \u00e9lekkel k\u00e9sz\u00fcltek - \u00fagy tervezt\u00e9k, hogy megk\u00f6nny\u00edtse a fog\u00e1st \u00e9s a nyit\u00e1s foganty\u00fa n\u00e9lk\u00fcl, mik\u00f6zben maxim\u00e1lis eszt\u00e9tikai tisztas\u00e1got \u00e9s k\u00f6nny\u0171 kezelhet\u0151s\u00e9get tesz lehet\u0151v\u00e9. Ezenk\u00edv\u00fcl az ajt\u00f3kra \u00e9s a munkapultra helyezett f\u00e9m \u00e9lv\u00e9d\u0151 profilok n\u00f6velik azok ellen\u00e1ll\u00f3k\u00e9pess\u00e9g\u00e9t. Az kifejez\u0151 energia \u00e9s az egyedis\u00e9g t\u00f6k\u00e9letes szinkronban van: a munkapult vastags\u00e1g\u00e1nak, a horony t\u00edpus\u00e1nak, a k\u00fcl\u00f6nb\u00f6z\u0151 sz\u00edn\u0171 profiloknak \u00e9s ezek kombin\u00e1ci\u00f3inak k\u00f6sz\u00f6nhet\u0151en a konyha k\u00fclseje k\u00f6nnyen egyediv\u00e9 var\u00e1zsolhat\u00f3.  K\u00c9NYELEM \u00c9S J\u00d3L\u00c9T   az ajt\u00f3 optim\u00e1lis fog\u00e1sa a mikrobord\u00e1s ferde \u00e9leknek k\u00f6sz\u00f6nhet\u0151en;  a tapint\u00e1si \u00e9lm\u00e9nye, amely a k\u00fcl\u00f6nleges anyagfel\u00fcleteknek k\u00f6sz\u00f6nhet\u0151;  HOSSZ\u00da \u00c9LETTARTAM   \u00e9lv\u00e9delem alum\u00ednium profilokkal  a munkapult testreszabhat\u00f3s\u00e1ga k\u00fcl\u00f6nb\u00f6z\u0151 vastags\u00e1ggal \u00e9s sz\u00ednes bar\u00e1zd\u00e1kkal  minden felhaszn\u00e1lt anyagot alapos min\u0151s\u00e9gi ellen\u0151rz\u00e9s el\u0151zte meg  INNOV\u00c1CI\u00d3   \u00faj, P.V.C. mentes anyag, mely \u00e1rtalmatlan a dioxin -kibocs\u00e1t\u00e1s elker\u00fcl\u00e9se \u00e9rdek\u00e9ben  &nbsp;\" \/>\n<meta property=\"og:url\" content=\"https:\/\/sani-world.com\/index.php\/termek\/forma-mentis\/\" \/>\n<meta property=\"article:modified_time\" content=\"2021-11-05T13:38:52+00:00\" \/>\n<meta property=\"og:image\" content=\"https:\/\/sani-world.com\/wp-content\/uploads\/2021\/11\/formamentis_kezdokep.jpg\" \/>\n\t<meta property=\"og:image:width\" content=\"750\" \/>\n\t<meta property=\"og:image:height\" content=\"800\" \/>\n\t<meta property=\"og:image:type\" content=\"image\/jpeg\" \/>\n<meta name=\"twitter:card\" content=\"summary_large_image\" \/>\n<script type=\"application\/ld+json\" class=\"yoast-schema-graph\">{\"@context\":\"https:\\\/\\\/schema.org\",\"@graph\":[{\"@type\":\"WebPage\",\"@id\":\"https:\\\/\\\/sani-world.com\\\/index.php\\\/termek\\\/forma-mentis\\\/\",\"url\":\"https:\\\/\\\/sani-world.com\\\/index.php\\\/termek\\\/forma-mentis\\\/\",\"name\":\"Forma Mentis\",\"isPartOf\":{\"@id\":\"https:\\\/\\\/sani-world.com\\\/#website\"},\"primaryImageOfPage\":{\"@id\":\"https:\\\/\\\/sani-world.com\\\/index.php\\\/termek\\\/forma-mentis\\\/#primaryimage\"},\"image\":{\"@id\":\"https:\\\/\\\/sani-world.com\\\/index.php\\\/termek\\\/forma-mentis\\\/#primaryimage\"},\"thumbnailUrl\":\"https:\\\/\\\/sani-world.com\\\/wp-content\\\/uploads\\\/2021\\\/11\\\/formamentis_kezdokep.jpg\",\"datePublished\":\"2021-11-03T09:12:05+00:00\",\"dateModified\":\"2021-11-05T13:38:52+00:00\",\"breadcrumb\":{\"@id\":\"https:\\\/\\\/sani-world.com\\\/index.php\\\/termek\\\/forma-mentis\\\/#breadcrumb\"},\"inLanguage\":\"hu\",\"potentialAction\":[{\"@type\":\"ReadAction\",\"target\":[\"https:\\\/\\\/sani-world.com\\\/index.php\\\/termek\\\/forma-mentis\\\/\"]}]},{\"@type\":\"ImageObject\",\"inLanguage\":\"hu\",\"@id\":\"https:\\\/\\\/sani-world.com\\\/index.php\\\/termek\\\/forma-mentis\\\/#primaryimage\",\"url\":\"https:\\\/\\\/sani-world.com\\\/wp-content\\\/uploads\\\/2021\\\/11\\\/formamentis_kezdokep.jpg\",\"contentUrl\":\"https:\\\/\\\/sani-world.com\\\/wp-content\\\/uploads\\\/2021\\\/11\\\/formamentis_kezdokep.jpg\",\"width\":750,\"height\":800},{\"@type\":\"BreadcrumbList\",\"@id\":\"https:\\\/\\\/sani-world.com\\\/index.php\\\/termek\\\/forma-mentis\\\/#breadcrumb\",\"itemListElement\":[{\"@type\":\"ListItem\",\"position\":1,\"name\":\"Kezd\u0151lap\",\"item\":\"https:\\\/\\\/sani-world.com\\\/\"},{\"@type\":\"ListItem\",\"position\":2,\"name\":\"term\u00e9kek\",\"item\":\"https:\\\/\\\/sani-world.com\\\/index.php\\\/termekek\\\/\"},{\"@type\":\"ListItem\",\"position\":3,\"name\":\"Forma Mentis\"}]},{\"@type\":\"WebSite\",\"@id\":\"https:\\\/\\\/sani-world.com\\\/#website\",\"url\":\"https:\\\/\\\/sani-world.com\\\/\",\"name\":\"\",\"description\":\"\",\"publisher\":{\"@id\":\"https:\\\/\\\/sani-world.com\\\/#organization\"},\"potentialAction\":[{\"@type\":\"SearchAction\",\"target\":{\"@type\":\"EntryPoint\",\"urlTemplate\":\"https:\\\/\\\/sani-world.com\\\/?s={search_term_string}\"},\"query-input\":{\"@type\":\"PropertyValueSpecification\",\"valueRequired\":true,\"valueName\":\"search_term_string\"}}],\"inLanguage\":\"hu\"},{\"@type\":\"Organization\",\"@id\":\"https:\\\/\\\/sani-world.com\\\/#organization\",\"name\":\"sani-world\",\"url\":\"https:\\\/\\\/sani-world.com\\\/\",\"logo\":{\"@type\":\"ImageObject\",\"inLanguage\":\"hu\",\"@id\":\"https:\\\/\\\/sani-world.com\\\/#\\\/schema\\\/logo\\\/image\\\/\",\"url\":\"https:\\\/\\\/sani-world.com\\\/wp-content\\\/uploads\\\/2021\\\/09\\\/cropped-SANIWORLD_logo_black.png\",\"contentUrl\":\"https:\\\/\\\/sani-world.com\\\/wp-content\\\/uploads\\\/2021\\\/09\\\/cropped-SANIWORLD_logo_black.png\",\"width\":250,\"height\":75,\"caption\":\"sani-world\"},\"image\":{\"@id\":\"https:\\\/\\\/sani-world.com\\\/#\\\/schema\\\/logo\\\/image\\\/\"}}]}<\/script>\n<!-- \/ Yoast SEO plugin. -->","yoast_head_json":{"title":"Forma Mentis","robots":{"index":"index","follow":"follow","max-snippet":"max-snippet:-1","max-image-preview":"max-image-preview:large","max-video-preview":"max-video-preview:-1"},"canonical":"https:\/\/sani-world.com\/index.php\/termek\/forma-mentis\/","og_locale":"hu_HU","og_type":"article","og_title":"Forma Mentis","og_description":"Ennek a konyh\u00e1nak a tervez\u00e9s\u00e9n\u00e9l a funkcionalit\u00e1son t\u00fal a sokoldal\u00fas\u00e1got \u00e9s az egyedi ig\u00e9nyre szabhat\u00f3s\u00e1got tartottuk szem el\u0151tt, hiszen n\u00e1lunk az egy\u00e9n sz\u00fcks\u00e9gletei \u00e9s a k\u00e9nyelem \u00e1ll a tervez\u00e9s k\u00f6z\u00e9ppontj\u00e1ban.  A Forma Mentis ajt\u00f3k form\u00e1j\u00e1t \u00e9s anyagszer\u0171s\u00e9g\u00e9t \u2013 melyek ferde \u00e9s mikrobord\u00e1s \u00e9lekkel k\u00e9sz\u00fcltek - \u00fagy tervezt\u00e9k, hogy megk\u00f6nny\u00edtse a fog\u00e1st \u00e9s a nyit\u00e1s foganty\u00fa n\u00e9lk\u00fcl, mik\u00f6zben maxim\u00e1lis eszt\u00e9tikai tisztas\u00e1got \u00e9s k\u00f6nny\u0171 kezelhet\u0151s\u00e9get tesz lehet\u0151v\u00e9. Ezenk\u00edv\u00fcl az ajt\u00f3kra \u00e9s a munkapultra helyezett f\u00e9m \u00e9lv\u00e9d\u0151 profilok n\u00f6velik azok ellen\u00e1ll\u00f3k\u00e9pess\u00e9g\u00e9t. Az kifejez\u0151 energia \u00e9s az egyedis\u00e9g t\u00f6k\u00e9letes szinkronban van: a munkapult vastags\u00e1g\u00e1nak, a horony t\u00edpus\u00e1nak, a k\u00fcl\u00f6nb\u00f6z\u0151 sz\u00edn\u0171 profiloknak \u00e9s ezek kombin\u00e1ci\u00f3inak k\u00f6sz\u00f6nhet\u0151en a konyha k\u00fclseje k\u00f6nnyen egyediv\u00e9 var\u00e1zsolhat\u00f3.  K\u00c9NYELEM \u00c9S J\u00d3L\u00c9T   az ajt\u00f3 optim\u00e1lis fog\u00e1sa a mikrobord\u00e1s ferde \u00e9leknek k\u00f6sz\u00f6nhet\u0151en;  a tapint\u00e1si \u00e9lm\u00e9nye, amely a k\u00fcl\u00f6nleges anyagfel\u00fcleteknek k\u00f6sz\u00f6nhet\u0151;  HOSSZ\u00da \u00c9LETTARTAM   \u00e9lv\u00e9delem alum\u00ednium profilokkal  a munkapult testreszabhat\u00f3s\u00e1ga k\u00fcl\u00f6nb\u00f6z\u0151 vastags\u00e1ggal \u00e9s sz\u00ednes bar\u00e1zd\u00e1kkal  minden felhaszn\u00e1lt anyagot alapos min\u0151s\u00e9gi ellen\u0151rz\u00e9s el\u0151zte meg  INNOV\u00c1CI\u00d3   \u00faj, P.V.C. mentes anyag, mely \u00e1rtalmatlan a dioxin -kibocs\u00e1t\u00e1s elker\u00fcl\u00e9se \u00e9rdek\u00e9ben  &nbsp;","og_url":"https:\/\/sani-world.com\/index.php\/termek\/forma-mentis\/","article_modified_time":"2021-11-05T13:38:52+00:00","og_image":[{"width":750,"height":800,"url":"https:\/\/sani-world.com\/wp-content\/uploads\/2021\/11\/formamentis_kezdokep.jpg","type":"image\/jpeg"}],"twitter_card":"summary_large_image","schema":{"@context":"https:\/\/schema.org","@graph":[{"@type":"WebPage","@id":"https:\/\/sani-world.com\/index.php\/termek\/forma-mentis\/","url":"https:\/\/sani-world.com\/index.php\/termek\/forma-mentis\/","name":"Forma Mentis","isPartOf":{"@id":"https:\/\/sani-world.com\/#website"},"primaryImageOfPage":{"@id":"https:\/\/sani-world.com\/index.php\/termek\/forma-mentis\/#primaryimage"},"image":{"@id":"https:\/\/sani-world.com\/index.php\/termek\/forma-mentis\/#primaryimage"},"thumbnailUrl":"https:\/\/sani-world.com\/wp-content\/uploads\/2021\/11\/formamentis_kezdokep.jpg","datePublished":"2021-11-03T09:12:05+00:00","dateModified":"2021-11-05T13:38:52+00:00","breadcrumb":{"@id":"https:\/\/sani-world.com\/index.php\/termek\/forma-mentis\/#breadcrumb"},"inLanguage":"hu","potentialAction":[{"@type":"ReadAction","target":["https:\/\/sani-world.com\/index.php\/termek\/forma-mentis\/"]}]},{"@type":"ImageObject","inLanguage":"hu","@id":"https:\/\/sani-world.com\/index.php\/termek\/forma-mentis\/#primaryimage","url":"https:\/\/sani-world.com\/wp-content\/uploads\/2021\/11\/formamentis_kezdokep.jpg","contentUrl":"https:\/\/sani-world.com\/wp-content\/uploads\/2021\/11\/formamentis_kezdokep.jpg","width":750,"height":800},{"@type":"BreadcrumbList","@id":"https:\/\/sani-world.com\/index.php\/termek\/forma-mentis\/#breadcrumb","itemListElement":[{"@type":"ListItem","position":1,"name":"Kezd\u0151lap","item":"https:\/\/sani-world.com\/"},{"@type":"ListItem","position":2,"name":"term\u00e9kek","item":"https:\/\/sani-world.com\/index.php\/termekek\/"},{"@type":"ListItem","position":3,"name":"Forma Mentis"}]},{"@type":"WebSite","@id":"https:\/\/sani-world.com\/#website","url":"https:\/\/sani-world.com\/","name":"","description":"","publisher":{"@id":"https:\/\/sani-world.com\/#organization"},"potentialAction":[{"@type":"SearchAction","target":{"@type":"EntryPoint","urlTemplate":"https:\/\/sani-world.com\/?s={search_term_string}"},"query-input":{"@type":"PropertyValueSpecification","valueRequired":true,"valueName":"search_term_string"}}],"inLanguage":"hu"},{"@type":"Organization","@id":"https:\/\/sani-world.com\/#organization","name":"sani-world","url":"https:\/\/sani-world.com\/","logo":{"@type":"ImageObject","inLanguage":"hu","@id":"https:\/\/sani-world.com\/#\/schema\/logo\/image\/","url":"https:\/\/sani-world.com\/wp-content\/uploads\/2021\/09\/cropped-SANIWORLD_logo_black.png","contentUrl":"https:\/\/sani-world.com\/wp-content\/uploads\/2021\/09\/cropped-SANIWORLD_logo_black.png","width":250,"height":75,"caption":"sani-world"},"image":{"@id":"https:\/\/sani-world.com\/#\/schema\/logo\/image\/"}}]}},"jetpack_sharing_enabled":true,"_links":{"self":[{"href":"https:\/\/sani-world.com\/index.php\/wp-json\/wp\/v2\/product\/1107","targetHints":{"allow":["GET"]}}],"collection":[{"href":"https:\/\/sani-world.com\/index.php\/wp-json\/wp\/v2\/product"}],"about":[{"href":"https:\/\/sani-world.com\/index.php\/wp-json\/wp\/v2\/types\/product"}],"version-history":[{"count":1,"href":"https:\/\/sani-world.com\/index.php\/wp-json\/wp\/v2\/product\/1107\/revisions"}],"predecessor-version":[{"id":1108,"href":"https:\/\/sani-world.com\/index.php\/wp-json\/wp\/v2\/product\/1107\/revisions\/1108"}],"wp:featuredmedia":[{"embeddable":true,"href":"https:\/\/sani-world.com\/index.php\/wp-json\/wp\/v2\/media\/1109"}],"wp:attachment":[{"href":"https:\/\/sani-world.com\/index.php\/wp-json\/wp\/v2\/media?parent=1107"}],"wp:term":[{"taxonomy":"product_brand","embeddable":true,"href":"https:\/\/sani-world.com\/index.php\/wp-json\/wp\/v2\/product_brand?post=1107"},{"taxonomy":"product_cat","embeddable":true,"href":"https:\/\/sani-world.com\/index.php\/wp-json\/wp\/v2\/product_cat?post=1107"},{"taxonomy":"product_tag","embeddable":true,"href":"https:\/\/sani-world.com\/index.php\/wp-json\/wp\/v2\/product_tag?post=1107"}],"curies":[{"name":"wp","href":"https:\/\/api.w.org\/{rel}","templated":true}]}}