{"id":79,"date":"2021-09-13T13:56:21","date_gmt":"2021-09-13T13:56:21","guid":{"rendered":"https:\/\/sani-world.com\/?page_id=79"},"modified":"2021-11-05T13:06:32","modified_gmt":"2021-11-05T13:06:32","slug":"rolunk","status":"publish","type":"page","link":"https:\/\/sani-world.com\/index.php\/rolunk\/","title":{"rendered":"r\u00f3lunk"},"content":{"rendered":"\t\t<div data-elementor-type=\"wp-page\" data-elementor-id=\"79\" class=\"elementor elementor-79\" data-elementor-post-type=\"page\">\n\t\t\t\t\t\t<section class=\"elementor-section elementor-top-section elementor-element elementor-element-1aa1f56f elementor-section-content-middle elementor-section-boxed elementor-section-height-default elementor-section-height-default\" data-id=\"1aa1f56f\" data-element_type=\"section\" data-e-type=\"section\">\n\t\t\t\t\t\t<div class=\"elementor-container elementor-column-gap-no\">\n\t\t\t\t\t<div class=\"elementor-column elementor-col-50 elementor-top-column elementor-element elementor-element-785e6e00\" data-id=\"785e6e00\" data-element_type=\"column\" data-e-type=\"column\">\n\t\t\t<div class=\"elementor-widget-wrap elementor-element-populated\">\n\t\t\t\t\t\t<div class=\"elementor-element elementor-element-4353c967 elementor-widget elementor-widget-image\" data-id=\"4353c967\" data-element_type=\"widget\" data-e-type=\"widget\" data-widget_type=\"image.default\">\n\t\t\t\t<div class=\"elementor-widget-container\">\n\t\t\t\t\t\t\t\t\t\t\t\t\t\t\t<img decoding=\"async\" width=\"250\" height=\"75\" src=\"https:\/\/sani-world.com\/wp-content\/uploads\/2021\/09\/cropped-SANIWORLD_logo_black-116x35.png\" class=\"attachment-full size-full wp-image-329\" alt=\"\" srcset=\"https:\/\/sani-world.com\/wp-content\/uploads\/2021\/09\/cropped-SANIWORLD_logo_black.png 250w, https:\/\/sani-world.com\/wp-content\/uploads\/2021\/09\/cropped-SANIWORLD_logo_black-116x35.png 116w\" sizes=\"(max-width: 250px) 100vw, 250px\" \/>\t\t\t\t\t\t\t\t\t\t\t\t\t\t\t<\/div>\n\t\t\t\t<\/div>\n\t\t\t\t\t<\/div>\n\t\t<\/div>\n\t\t\t\t<div class=\"elementor-column elementor-col-50 elementor-top-column elementor-element elementor-element-43f00022\" data-id=\"43f00022\" data-element_type=\"column\" data-e-type=\"column\">\n\t\t\t<div class=\"elementor-widget-wrap elementor-element-populated\">\n\t\t\t\t\t\t<div class=\"elementor-element elementor-element-5170bcd9 elementor-widget elementor-widget-heading\" data-id=\"5170bcd9\" data-element_type=\"widget\" data-e-type=\"widget\" data-widget_type=\"heading.default\">\n\t\t\t\t<div class=\"elementor-widget-container\">\n\t\t\t\t\t<h4 class=\"elementor-heading-title elementor-size-default\">R\u00d3LUNK<\/h4>\t\t\t\t<\/div>\n\t\t\t\t<\/div>\n\t\t\t\t<div class=\"elementor-element elementor-element-16cdd14 elementor-widget elementor-widget-text-editor\" data-id=\"16cdd14\" data-element_type=\"widget\" data-e-type=\"widget\" data-widget_type=\"text-editor.default\">\n\t\t\t\t<div class=\"elementor-widget-container\">\n\t\t\t\t\t\t\t\t\t<p>A Sani-world Kft. t\u00f6bb mint 15 \u00e9ves fenn\u00e1ll\u00e1sa alatt olyan m\u00e9lys\u00e9g\u0171 tapasztalatra tett\u00fcnk szert a bels\u0151\u00e9p\u00edt\u00e9szeti term\u00e9kek ter\u00fclet\u00e9n, melynek birtok\u00e1ban biztos k\u00e9zzel v\u00e1lasztottuk ki azokat a design term\u00e9keket melyek val\u00f3di min\u0151s\u00e9get \u00e9s \u00e9rt\u00e9ket k\u00e9pviselnek \u00e9s amelyekkel mi is sz\u00edvesen azonosulunk.<\/p><p>Legyen sz\u00f3 l\u00e9pcs\u0151szerkezetr\u0151l, lak\u00e1stextilr\u0151l, design l\u00e1mp\u00e1r\u00f3l, kiv\u00e1l\u00f3 min\u0151s\u00e9g\u0171 b\u00fatorokr\u00f3l, k\u00fcl\u00f6nleges szaniterekr\u0151l, di\u00f3fa parkett\u00e1r\u00f3l vagy a legmodernebb design konyh\u00e1r\u00f3l, nem k\u00f6t\u00fcnk kompromisszumot sem a design sem a funkcionalit\u00e1s rov\u00e1s\u00e1ra.<\/p><p>Portf\u00f3li\u00f3nkat tervez\u0151i szeml\u00e9lettel \u00e1ll\u00edtottuk \u00f6ssze, \u00edgy \u00fcgyelt\u00fcnk r\u00e1, hogy a kiv\u00e1lasztott gy\u00e1rt\u00f3k rugalmasan kezelj\u00e9k a bels\u0151\u00e9p\u00edt\u00e9szek, lakberendez\u0151k \u00e9s a j\u00f3 \u00edzl\u00e9ssel meg\u00e1ldott egy\u00e9ni \u00e9rdekl\u0151d\u0151ink k\u00fcl\u00f6nleges ig\u00e9nyeit is, \u00edgy minden term\u00e9k\u00fcnk sz\u00e1mos egyedi vari\u00e1ci\u00f3ban is el\u00e9rhet\u0151. Egy egyszeri regisztr\u00e1ci\u00f3t k\u00f6vet\u0151en pedig b\u00e1rmely term\u00e9k\u00fcnk 2d \u00e9s 3d file verzi\u00f3ja is azonnal let\u00f6lthet\u0151, hogy ezzel is k\u00f6nny\u00edts\u00fck a tervez\u0151k munk\u00e1j\u00e1t.<\/p>\t\t\t\t\t\t\t\t<\/div>\n\t\t\t\t<\/div>\n\t\t\t\t\t<\/div>\n\t\t<\/div>\n\t\t\t\t\t<\/div>\n\t\t<\/section>\n\t\t\t\t<\/div>\n\t\t","protected":false},"excerpt":{"rendered":"<p>R\u00d3LUNK A Sani-world Kft. t\u00f6bb mint 15 \u00e9ves fenn\u00e1ll\u00e1sa alatt olyan m\u00e9lys\u00e9g\u0171 tapasztalatra tett\u00fcnk szert a bels\u0151\u00e9p\u00edt\u00e9szeti term\u00e9kek ter\u00fclet\u00e9n, melynek birtok\u00e1ban biztos k\u00e9zzel v\u00e1lasztottuk ki azokat a design term\u00e9keket melyek val\u00f3di min\u0151s\u00e9get \u00e9s \u00e9rt\u00e9ket k\u00e9pviselnek \u00e9s amelyekkel mi is sz\u00edvesen azonosulunk. Legyen sz\u00f3 l\u00e9pcs\u0151szerkezetr\u0151l, lak\u00e1stextilr\u0151l, design l\u00e1mp\u00e1r\u00f3l, kiv\u00e1l\u00f3 min\u0151s\u00e9g\u0171 b\u00fatorokr\u00f3l, k\u00fcl\u00f6nleges szaniterekr\u0151l, di\u00f3fa parkett\u00e1r\u00f3l vagy &hellip;<\/p>\n<p class=\"read-more\"> <a class=\"\" href=\"https:\/\/sani-world.com\/index.php\/rolunk\/\"> <span class=\"screen-reader-text\">r\u00f3lunk<\/span> Read More &raquo;<\/a><\/p>\n","protected":false},"author":1,"featured_media":0,"parent":0,"menu_order":0,"comment_status":"closed","ping_status":"closed","template":"","meta":{"footnotes":""},"class_list":["post-79","page","type-page","status-publish","hentry"],"yoast_head":"<!-- This site is optimized with the Yoast SEO plugin v27.4 - https:\/\/yoast.com\/product\/yoast-seo-wordpress\/ -->\n<title>r\u00f3lunk<\/title>\n<meta name=\"robots\" content=\"index, follow, max-snippet:-1, max-image-preview:large, max-video-preview:-1\" \/>\n<link rel=\"canonical\" href=\"https:\/\/sani-world.com\/index.php\/rolunk\/\" \/>\n<meta property=\"og:locale\" content=\"hu_HU\" \/>\n<meta property=\"og:type\" content=\"article\" \/>\n<meta property=\"og:title\" content=\"r\u00f3lunk\" \/>\n<meta property=\"og:description\" content=\"R\u00d3LUNK A Sani-world Kft. t\u00f6bb mint 15 \u00e9ves fenn\u00e1ll\u00e1sa alatt olyan m\u00e9lys\u00e9g\u0171 tapasztalatra tett\u00fcnk szert a bels\u0151\u00e9p\u00edt\u00e9szeti term\u00e9kek ter\u00fclet\u00e9n, melynek birtok\u00e1ban biztos k\u00e9zzel v\u00e1lasztottuk ki azokat a design term\u00e9keket melyek val\u00f3di min\u0151s\u00e9get \u00e9s \u00e9rt\u00e9ket k\u00e9pviselnek \u00e9s amelyekkel mi is sz\u00edvesen azonosulunk. Legyen sz\u00f3 l\u00e9pcs\u0151szerkezetr\u0151l, lak\u00e1stextilr\u0151l, design l\u00e1mp\u00e1r\u00f3l, kiv\u00e1l\u00f3 min\u0151s\u00e9g\u0171 b\u00fatorokr\u00f3l, k\u00fcl\u00f6nleges szaniterekr\u0151l, di\u00f3fa parkett\u00e1r\u00f3l vagy &hellip; r\u00f3lunk Read More &raquo;\" \/>\n<meta property=\"og:url\" content=\"https:\/\/sani-world.com\/index.php\/rolunk\/\" \/>\n<meta property=\"article:modified_time\" content=\"2021-11-05T13:06:32+00:00\" \/>\n<meta property=\"og:image\" content=\"https:\/\/sani-world.com\/wp-content\/uploads\/2021\/09\/cropped-SANIWORLD_logo_black-116x35.png\" \/>\n<meta name=\"twitter:card\" content=\"summary_large_image\" \/>\n<meta name=\"twitter:label1\" content=\"Becs\u00fclt olvas\u00e1si id\u0151\" \/>\n\t<meta name=\"twitter:data1\" content=\"1 perc\" \/>\n<script type=\"application\/ld+json\" class=\"yoast-schema-graph\">{\"@context\":\"https:\\\/\\\/schema.org\",\"@graph\":[{\"@type\":\"WebPage\",\"@id\":\"https:\\\/\\\/sani-world.com\\\/index.php\\\/rolunk\\\/\",\"url\":\"https:\\\/\\\/sani-world.com\\\/index.php\\\/rolunk\\\/\",\"name\":\"r\u00f3lunk\",\"isPartOf\":{\"@id\":\"https:\\\/\\\/sani-world.com\\\/#website\"},\"primaryImageOfPage\":{\"@id\":\"https:\\\/\\\/sani-world.com\\\/index.php\\\/rolunk\\\/#primaryimage\"},\"image\":{\"@id\":\"https:\\\/\\\/sani-world.com\\\/index.php\\\/rolunk\\\/#primaryimage\"},\"thumbnailUrl\":\"https:\\\/\\\/sani-world.com\\\/wp-content\\\/uploads\\\/2021\\\/09\\\/cropped-SANIWORLD_logo_black-116x35.png\",\"datePublished\":\"2021-09-13T13:56:21+00:00\",\"dateModified\":\"2021-11-05T13:06:32+00:00\",\"breadcrumb\":{\"@id\":\"https:\\\/\\\/sani-world.com\\\/index.php\\\/rolunk\\\/#breadcrumb\"},\"inLanguage\":\"hu\",\"potentialAction\":[{\"@type\":\"ReadAction\",\"target\":[\"https:\\\/\\\/sani-world.com\\\/index.php\\\/rolunk\\\/\"]}]},{\"@type\":\"ImageObject\",\"inLanguage\":\"hu\",\"@id\":\"https:\\\/\\\/sani-world.com\\\/index.php\\\/rolunk\\\/#primaryimage\",\"url\":\"https:\\\/\\\/sani-world.com\\\/wp-content\\\/uploads\\\/2021\\\/09\\\/cropped-SANIWORLD_logo_black.png\",\"contentUrl\":\"https:\\\/\\\/sani-world.com\\\/wp-content\\\/uploads\\\/2021\\\/09\\\/cropped-SANIWORLD_logo_black.png\",\"width\":250,\"height\":75},{\"@type\":\"BreadcrumbList\",\"@id\":\"https:\\\/\\\/sani-world.com\\\/index.php\\\/rolunk\\\/#breadcrumb\",\"itemListElement\":[{\"@type\":\"ListItem\",\"position\":1,\"name\":\"Kezd\u0151lap\",\"item\":\"https:\\\/\\\/sani-world.com\\\/\"},{\"@type\":\"ListItem\",\"position\":2,\"name\":\"r\u00f3lunk\"}]},{\"@type\":\"WebSite\",\"@id\":\"https:\\\/\\\/sani-world.com\\\/#website\",\"url\":\"https:\\\/\\\/sani-world.com\\\/\",\"name\":\"\",\"description\":\"\",\"publisher\":{\"@id\":\"https:\\\/\\\/sani-world.com\\\/#organization\"},\"potentialAction\":[{\"@type\":\"SearchAction\",\"target\":{\"@type\":\"EntryPoint\",\"urlTemplate\":\"https:\\\/\\\/sani-world.com\\\/?s={search_term_string}\"},\"query-input\":{\"@type\":\"PropertyValueSpecification\",\"valueRequired\":true,\"valueName\":\"search_term_string\"}}],\"inLanguage\":\"hu\"},{\"@type\":\"Organization\",\"@id\":\"https:\\\/\\\/sani-world.com\\\/#organization\",\"name\":\"sani-world\",\"url\":\"https:\\\/\\\/sani-world.com\\\/\",\"logo\":{\"@type\":\"ImageObject\",\"inLanguage\":\"hu\",\"@id\":\"https:\\\/\\\/sani-world.com\\\/#\\\/schema\\\/logo\\\/image\\\/\",\"url\":\"https:\\\/\\\/sani-world.com\\\/wp-content\\\/uploads\\\/2021\\\/09\\\/cropped-SANIWORLD_logo_black.png\",\"contentUrl\":\"https:\\\/\\\/sani-world.com\\\/wp-content\\\/uploads\\\/2021\\\/09\\\/cropped-SANIWORLD_logo_black.png\",\"width\":250,\"height\":75,\"caption\":\"sani-world\"},\"image\":{\"@id\":\"https:\\\/\\\/sani-world.com\\\/#\\\/schema\\\/logo\\\/image\\\/\"}}]}<\/script>\n<!-- \/ Yoast SEO plugin. -->","yoast_head_json":{"title":"r\u00f3lunk","robots":{"index":"index","follow":"follow","max-snippet":"max-snippet:-1","max-image-preview":"max-image-preview:large","max-video-preview":"max-video-preview:-1"},"canonical":"https:\/\/sani-world.com\/index.php\/rolunk\/","og_locale":"hu_HU","og_type":"article","og_title":"r\u00f3lunk","og_description":"R\u00d3LUNK A Sani-world Kft. t\u00f6bb mint 15 \u00e9ves fenn\u00e1ll\u00e1sa alatt olyan m\u00e9lys\u00e9g\u0171 tapasztalatra tett\u00fcnk szert a bels\u0151\u00e9p\u00edt\u00e9szeti term\u00e9kek ter\u00fclet\u00e9n, melynek birtok\u00e1ban biztos k\u00e9zzel v\u00e1lasztottuk ki azokat a design term\u00e9keket melyek val\u00f3di min\u0151s\u00e9get \u00e9s \u00e9rt\u00e9ket k\u00e9pviselnek \u00e9s amelyekkel mi is sz\u00edvesen azonosulunk. Legyen sz\u00f3 l\u00e9pcs\u0151szerkezetr\u0151l, lak\u00e1stextilr\u0151l, design l\u00e1mp\u00e1r\u00f3l, kiv\u00e1l\u00f3 min\u0151s\u00e9g\u0171 b\u00fatorokr\u00f3l, k\u00fcl\u00f6nleges szaniterekr\u0151l, di\u00f3fa parkett\u00e1r\u00f3l vagy &hellip; r\u00f3lunk Read More &raquo;","og_url":"https:\/\/sani-world.com\/index.php\/rolunk\/","article_modified_time":"2021-11-05T13:06:32+00:00","og_image":[{"url":"https:\/\/sani-world.com\/wp-content\/uploads\/2021\/09\/cropped-SANIWORLD_logo_black-116x35.png","type":"","width":"","height":""}],"twitter_card":"summary_large_image","twitter_misc":{"Becs\u00fclt olvas\u00e1si id\u0151":"1 perc"},"schema":{"@context":"https:\/\/schema.org","@graph":[{"@type":"WebPage","@id":"https:\/\/sani-world.com\/index.php\/rolunk\/","url":"https:\/\/sani-world.com\/index.php\/rolunk\/","name":"r\u00f3lunk","isPartOf":{"@id":"https:\/\/sani-world.com\/#website"},"primaryImageOfPage":{"@id":"https:\/\/sani-world.com\/index.php\/rolunk\/#primaryimage"},"image":{"@id":"https:\/\/sani-world.com\/index.php\/rolunk\/#primaryimage"},"thumbnailUrl":"https:\/\/sani-world.com\/wp-content\/uploads\/2021\/09\/cropped-SANIWORLD_logo_black-116x35.png","datePublished":"2021-09-13T13:56:21+00:00","dateModified":"2021-11-05T13:06:32+00:00","breadcrumb":{"@id":"https:\/\/sani-world.com\/index.php\/rolunk\/#breadcrumb"},"inLanguage":"hu","potentialAction":[{"@type":"ReadAction","target":["https:\/\/sani-world.com\/index.php\/rolunk\/"]}]},{"@type":"ImageObject","inLanguage":"hu","@id":"https:\/\/sani-world.com\/index.php\/rolunk\/#primaryimage","url":"https:\/\/sani-world.com\/wp-content\/uploads\/2021\/09\/cropped-SANIWORLD_logo_black.png","contentUrl":"https:\/\/sani-world.com\/wp-content\/uploads\/2021\/09\/cropped-SANIWORLD_logo_black.png","width":250,"height":75},{"@type":"BreadcrumbList","@id":"https:\/\/sani-world.com\/index.php\/rolunk\/#breadcrumb","itemListElement":[{"@type":"ListItem","position":1,"name":"Kezd\u0151lap","item":"https:\/\/sani-world.com\/"},{"@type":"ListItem","position":2,"name":"r\u00f3lunk"}]},{"@type":"WebSite","@id":"https:\/\/sani-world.com\/#website","url":"https:\/\/sani-world.com\/","name":"","description":"","publisher":{"@id":"https:\/\/sani-world.com\/#organization"},"potentialAction":[{"@type":"SearchAction","target":{"@type":"EntryPoint","urlTemplate":"https:\/\/sani-world.com\/?s={search_term_string}"},"query-input":{"@type":"PropertyValueSpecification","valueRequired":true,"valueName":"search_term_string"}}],"inLanguage":"hu"},{"@type":"Organization","@id":"https:\/\/sani-world.com\/#organization","name":"sani-world","url":"https:\/\/sani-world.com\/","logo":{"@type":"ImageObject","inLanguage":"hu","@id":"https:\/\/sani-world.com\/#\/schema\/logo\/image\/","url":"https:\/\/sani-world.com\/wp-content\/uploads\/2021\/09\/cropped-SANIWORLD_logo_black.png","contentUrl":"https:\/\/sani-world.com\/wp-content\/uploads\/2021\/09\/cropped-SANIWORLD_logo_black.png","width":250,"height":75,"caption":"sani-world"},"image":{"@id":"https:\/\/sani-world.com\/#\/schema\/logo\/image\/"}}]}},"jetpack_sharing_enabled":true,"_links":{"self":[{"href":"https:\/\/sani-world.com\/index.php\/wp-json\/wp\/v2\/pages\/79","targetHints":{"allow":["GET"]}}],"collection":[{"href":"https:\/\/sani-world.com\/index.php\/wp-json\/wp\/v2\/pages"}],"about":[{"href":"https:\/\/sani-world.com\/index.php\/wp-json\/wp\/v2\/types\/page"}],"author":[{"embeddable":true,"href":"https:\/\/sani-world.com\/index.php\/wp-json\/wp\/v2\/users\/1"}],"replies":[{"embeddable":true,"href":"https:\/\/sani-world.com\/index.php\/wp-json\/wp\/v2\/comments?post=79"}],"version-history":[{"count":23,"href":"https:\/\/sani-world.com\/index.php\/wp-json\/wp\/v2\/pages\/79\/revisions"}],"predecessor-version":[{"id":1226,"href":"https:\/\/sani-world.com\/index.php\/wp-json\/wp\/v2\/pages\/79\/revisions\/1226"}],"wp:attachment":[{"href":"https:\/\/sani-world.com\/index.php\/wp-json\/wp\/v2\/media?parent=79"}],"curies":[{"name":"wp","href":"https:\/\/api.w.org\/{rel}","templated":true}]}}